 + 1. Determine i(l).
1
Let z be ((-225)/6)/((-1)/2). Suppose -47*v = -52*v + z. Let i(o) = -v + 2 + 12 - 10*o**2. Calculate i(-1).
-11
Suppose 4*l = v + 5*l - 2, 2*v = -4*l + 8. Let w(s) = s. Let r(t) = -4*t - 2. Suppose 2 - 7 = x. Let k(m) = x*w(m) - r(m). Determine k(v).
2
Let j(f) = -17*f**2 - 1. Let w = 62 + -35. Let d be (26 - w) + 14/1. Let z = 14 - d. Give j(z).
-18
Let r(l) = -2*l**2 - 7*l - 8. Suppose -36 = -4*c + 32. Suppose 5*k + c = 3*f, 5*k + 2*f = -25 + 3. Determine r(k).
-12
Let n(x) be the second derivative of x**5/20 - 2*x**4/3 + 4*x**3/3 - 13*x**2/2 - 548*x. Give n(7).
-6
Let v(w) = w + 13. Let n be v(29). Suppose 66*t - 59*t = n. Let i(a) = a**2 - 4*a - 6. Calculate i(t).
6
Let z(o) = -21*o + 65. Let x(d) = -d + 14. Let w(a) = -4*x(a) + z(a). Calculate w(3).
-42
Let p(q) = 29*q + 120. Let j be p(-4). Let c(z) = 194*z - 101*z - 98*z + 15. Calculate c(j).
-5
Let s(q) = -q**3 + 4*q**2 + 2*q - 1. Let y = -202 + 215. Suppose y = -z + p + 22, -25 = 5*p. Determine s(z).
7
Let z(q) = -416*q**2 - 17*q. Let d(h) = -1109*h**2 - 48*h - 1. Let x(a) = 3*d(a) - 8*z(a). Let w(c) = 2*c**2 + 2*c - 3. Let v be w(2). What is x(v)?
6
Let y(s) = 6*s + 7. Suppose 17 - 7 = 2*n + 22. Calculate y(n).
-29
Let o(q) = -41*q**2 + 242*q - 30. Let t(s) = -20*s**2 + 118*s - 11. Let x(k) = -3*o(k) + 7*t(k). Calculate x(6).
1
Let j = -9160 - -9156. Let c(v) = v**3 + 7*v**2 + 9*v + 1. Determine c(j).
13
Let h(x) = -7*x**2 + x - 2. Let w = 136 + -112. Suppose -46 = -w*d + 2. Give h(d).
-28
Let f(j) = 20 + 6*j**2 - 4*j**2 - 90 - 5*j + 0*j + 69. What is f(-1)?
6
Let s be 1/(-2) - 13/(-2). Let v(i) = 8*i**2 + 23*i + 37. Let p(t) = 3*t**2 + 8*t + 13. Let f(o) = -11*p(o) + 4*v(o). Give f(s).
-7
Let w(k) = -11*k**2 + 10*k + 8. Let c(b) = 9*b**2 - 9*b - 6. Let h(u) = -6*c(u) - 5*w(u). Give h(-3).
-7
Let c(o) = -7*o**2 + 8*o + 100. Let r(s) = s**2 - 2*s. Let n(v) = c(v) + 5*r(v). Let t(m) be the first derivative of n(m). Give t(-1).
2
Suppose m - 2*c - 4 = -0*m, 0 = 4*m - 2*c - 10. Suppose 4*d + 4*h - 20 = 0, 2*d - h - m = h. Let a(p) = 204*p**3 - p + 187*p**3 - 2*p**2 - 390*p**3. Give a(d).
6
Let i be (33 + -19)/(14/119). Let t be 122*(-1 + 0/2). Let j = t + i. Let a(m) = -m**2 - 6*m - 3. Determine a(j).
6
Suppose -4*v = -0*v - 20. Let h(r) be the third derivative of 0*r - 42*r**2 + 0 + 1/12*r**4 - 1/3*r**3 - 1/60*r**5. Give h(v).
-17
Let k be (-16)/(-4) - (-7 - -9). Let a(p) = -p + 25 - k*p - 8 + 3*p - p. What is a(15)?
2
Suppose -66 - 44 = -5*w. Let g = 26 - w. Let i(j) = 11*j - 9. Let n(f) = 5*f - 4. Let p(s) = -4*i(s) + 9*n(s). Determine p(g).
4
Let u(c) = c**2 + 9*c + 2. Let r(i) = 35*i + 98. Let n be r(-3). Determine u(n).
-12
Let x(s) = s**2 - s - 19. Let y(l) be the third derivative of l**6/120 - l**5/30 - 31*l**4/12 + 7*l**3/6 + 41*l**2. Let z be y(-7). What is x(z)?
-19
Let l(f) be the first derivative of -f**2/2 - 7*f + 806. What is l(6)?
-13
Let v(b) = b - 13*b**2 + 2 - b**3 - 3*b + 10*b**2. Suppose 1 = 3*g + 10. Let f be 2 + 4 + g + -6. Calculate v(f).
8
Let b(x) be the second derivative of x**5/20 + x**3/6 + 19*x**2/2 - x. Let y = 11594 + -11594. Give b(y).
19
Suppose 3*g = -12, -5*m + 7*g = 9*g + 68. Let l(y) = -y**3 - 10*y**2 + 25*y + 8. What is l(m)?
-4
Let k(o) be the third derivative of -o**6/60 - o**5/12 - 4*o**3/3 + 2876*o**2 + o. Give k(-4).
40
Let j(b) be the second derivative of -7*b**4/12 - 5*b**3/6 - 2*b**2 - 17*b + 70. Determine j(-4).
-96
Let j = 738 + -774. Let a(r) = r**2 + 35*r - 38. Give a(j).
-2
Let w(h) be the second derivative of -h**8/2240 - h**7/2520 + h**5/120 + 49*h**4/12 + 17*h + 3. Let n(i) be the third derivative of w(i). Calculate n(1).
-3
Let a(l) = 53*l + 380. Let i(u) = 3*u + 1. Let b(n) = a(n) + 4*i(n). Determine b(-6).
-6
Let j(q) = -q**3 + 8*q**2 + 4*q - 12. Let w(a) = -12*a - 19. Let o be w(-4). Suppose -18 = -o*s + 214. Give j(s).
20
Suppose 3*b - 4*j + 2*j - 4 = 0, -20 = -5*j. Let k(f) = -b*f + 4*f + 0*f**2 + f**3 + 2 - 4 + 4*f**2. Give k(-3).
7
Let k(o) = -10*o - 130. Suppose -25*r - 43*r = 816. Determine k(r).
-10
Let u be ((-8)/6)/(-4 - (-626)/156). Let r = u - -125. Let y = r + -34. Let j(f) = f + 11. Calculate j(y).
-2
Let a = -4 - -6. Let g(b) be the first derivative of -3*b**4/2 - b**3/3 + 10. Let r(o) = 2*o**3. Let w(l) = g(l) + 4*r(l). Determine w(a).
12
Let m(v) = -v - 33. Let u = -345 + 339. What is m(u)?
-27
Suppose 0 = -7*v + 3 - 24. Let z(h) = -h**3 - 4*h**2 - h - 1. Let s(q) = -4*q**3 - 14*q**2 + 3*q + 3. Let d(x) = -s(x) + 3*z(x). Calculate d(v).
3
Let y(c) = -c**2 - c + 1. Let p(l) = l**2 - 11*l + 11. Let f be p(10). Let j(o) = 1038*o - 2 + 2*o**2 - 1035*o + 5. Let i(k) = f*y(k) + j(k). Determine i(-3).
7
Let f(s) be the first derivative of -3*s**2/2 - 46*s + 4184. Give f(-13).
-7
Let r(x) = 5*x**2 + 4*x + 5. Let u(n) = -4*n**2 - 3*n - 4. Let m(t) = 5*r(t) + 6*u(t). Let s be m(-3). Let f(b) = -s + 6*b + 3*b + b**2 - 10*b. Determine f(4).
8
Let a(i) = 4*i + 4. Suppose -2 = -f - 3*s, -s = -5*s. Let j(n) = -3 + 2 - n + 0 + 0. Let y(q) = f*a(q) + 7*j(q). Determine y(-6).
-5
Let l(o) = -212*o**3 - 49*o**2 + 22*o + 1. Let j(i) = 71*i**3 + 18*i**2 - 8*i. Let n(u) = -8*j(u) - 3*l(u). Give n(-1).
-66
Let a be -224*90/(-35)*(1 + 0). Let o = a - 577. Let d(n) = -9*n + 3. Determine d(o).
12
Let y(f) = f**2 - f. Let l(o) = o**2 + 11*o - 11. Let b(z) = l(z) - 2*y(z). Let i(d) be the first derivative of b(d). Give i(9).
-5
Let q(l) be the second derivative of l**5/20 - 19*l**4/12 - 7*l**3/2 + 8*l**2 - 856*l. What is q(20)?
-4
Let u(d) be the second derivative of 140*d + 9/2*d**2 + 5/6*d**3 + 0 + 1/12*d**4. What is u(-6)?
15
Let m(r) = 5*r + 1. Let u be 4/(-2)*4326/(-28). Let n = 311 - u. Give m(n).
11
Let a(h) = -4 + 57957*h - 57957*h + 6 + 3 + 8*h**2. What is a(-2)?
37
Let k(n) = 4*n + 1. Let h(m) = -m. Let g = 0 + 2. Suppose -12 + g = 2*t. Let y(v) = t*h(v) - k(v). What is y(0)?
-1
Suppose 0 = -7*b + 9*b - 4. Let m be 4/4*(0 + b). Let o(p) = -30*p**2 + 25*p**m - 14*p**2. Give o(-1).
-19
Let h = 4 + 1. Let w(k) = -9*k**3 - 6*k**2 + 1. Let c be w(-1). Let x(t) = -c - h - t + 6. Determine x(-3).
0
Let l(t) = t**2 - 6*t - 1. Let v = 4859 + -4850. Calculate l(v).
26
Let q(t) be the second derivative of 1/720*t**6 + 0 + 0*t**3 - 13/12*t**4 + 0*t**2 + 1/10*t**5 - 5*t. Let j(o) be the third derivative of q(o). Give j(-6).
6
Let s(u) = -7*u. Let b = -22006 - -22007. Give s(b).
-7
Let r(h) be the second derivative of h**4/4 + h**3/6 - h**2 + 3248*h. Let u be (-10)/6 + (-1)/3. Calculate r(u).
8
Let y(z) = 8*z - 12*z + 8*z - 3*z - 1. Suppose -11 = 3*n - 62. Suppose -n = 4*l - l + q, 2*q - 21 = 5*l. What is y(l)?
-6
Let y(k) = -2*k - 3 - 1 - 1. Suppose -5*i = -2*h, 6*i + 8*h + h - 15*h = -h. Determine y(i).
-5
Let n(j) = -3*j**3 - j**2 + 3*j - 2. Let x be 70/315 - (-5 + 29/9). What is n(x)?
-24
Let c(n) = -16*n**2 + 2*n + 7. Let h(y) = y**3 + 18*y**2 - 93*y - 113. Let r be h(-22). Give c(r).
-143
Let d(z) = -3*z**2 - 2 - 77*z + 76*z + 4*z**2 + 1. Let p(u) = u**3 + 9*u**2 + 14*u + 4. Let r be p(-7). What is d(r)?
11
Let v(r) = 4*r - 4*r + 44 - 22 - 26 - r. What is v(5)?
-9
Let v(a) = a**3 + 4*a**2 - 7*a - 5. Let j(k) = 2*k - 1. Let s(f) = 4*j(f) - v(f). What is s(2)?
7
Let a(f) = -f**2 + 7*f + 7. Let h(g) = -7539*g**3 - g**2 - 7535*g**3 + 15073*g**3 + 8. Let w(t) = t - 3. Let p be w(3). Let j be h(p). Give a(j).
-1
Let a = -581 - -580. Let m(r) = r**2 - r + 1. Determine m(a).
3
Let c = -5476 - -5470. Let v(z) = z**3 + 8*z**2 + 6*z + 4. What is v(c)?
40
Let f(w) = 14*w - 11. Let p(g) be the second derivative of 19*g**3/6 - 5*g**2 + 118*g. Let z(m) = -4*f(m) + 3*p(m). Determine z(-12).
2
Let a = -86 + 87. Let d(x) = 54*x**2 + 65*x - 52*x**2 - a - 59*x. What is d(-3)?
-1
Let c(j) = 10*j**2 - 60*j. Suppose -64 = -110*q + 566 + 30. Calculate c(q).
0
Let q(z) = -z**3 - 7*z**2 + 21*z + 28. Suppose -408*p - 4074 - 392 = -794. Give q(p).
1
Let l(p) = 16 - 63 + 12 + 26 + 10 + 5*p. Let j(g) = -4*g**2 - 3 + 3*g + 2*g**2 + g**2. Let o be j(3). Determine l(o).
-14
Let x(s) be the third derivative of -31*s**2 - 3/2*s**3 + 0 + 0*s - 1/24*s**4. Suppose -y - 1 = -3*i, -4*i + 2*i - 5*y = 5. Give x(i).
-9
Let q(n) = 8*n - 10*n + 25294 - 25250. What is q(22)?
0
Let g(x) = x**3 - 22*x**2 - 31*x - 23. Let a be g(23). Let w = a + 206. Let j(s) 